on factor of 6669 and 52?
13
What is the greatest common factor of 21 and 42?
21
What is the greatest common divisor of 2076 and 4?
4
What is the greatest common factor of 57 and 2698?
19
Calculate the greatest common divisor of 1995 and 60.
15
Calculate the greatest common divisor of 112 and 294.
14
Calculate the highest common divisor of 1067 and 11.
11
What is the greatest common divisor of 496 and 186?
62
What is the greatest common factor of 22 and 14564?
22
Calculate the highest common divisor of 91 and 7.
7
Calculate the highest common factor of 903 and 1032.
129
Calculate the greatest common divisor of 2 and 662.
2
What is the greatest common divisor of 24 and 89256?
24
What is the greatest common factor of 1036 and 28?
28
Calculate the greatest common divisor of 125 and 5.
5
Calculate the greatest common factor of 116 and 1595.
29
What is the greatest common factor of 147 and 336?
21
Calculate the highest common divisor of 189 and 441.
63
Calculate the highest common factor of 2000 and 64.
16
Calculate the highest common divisor of 174 and 16.
2
What is the greatest common factor of 2403 and 27?
27
Calculate the highest common divisor of 648 and 24.
24
What is the greatest common factor of 176 and 341?
11
Calculate the greatest common divisor of 180 and 6420.
60
Calculate the greatest common divisor of 65 and 949.
13
What is the greatest common factor of 61656 and 168?
168
What is the greatest common divisor of 228 and 30?
6
What is the greatest common divisor of 48 and 216?
24
Calculate the greatest common divisor of 44 and 116.
4
Calculate the highest common factor of 300 and 540.
60
What is the highest common divisor of 11 and 33?
11
What is the greatest common factor of 60 and 5?
5
What is the greatest common factor of 2363 and 102?
17
What is the highest common divisor of 5068 and 28?
28
Calculate the greatest common divisor of 1305 and 2349.
261
Calculate the highest common divisor of 16814 and 28.
14
What is the greatest common factor of 8 and 29?
1
What is the highest common factor of 18 and 954?
18
Calculate the highest common divisor of 9909 and 27.
27
Calculate the highest common divisor of 12667 and 371.
53
Calculate the greatest common divisor of 418 and 38.
38
What is the highest common factor of 6 and 56400?
6
What is the highest common divisor of 13384 and 56?
56
What is the greatest common divisor of 1200 and 45?
15
Calculate the highest common divisor of 640 and 280.
40
What is the greatest common divisor of 312 and 832?
104
Calculate the highest common divisor of 15336 and 81.
27
What is the greatest common factor of 310 and 60?
10
Calculate the greatest common factor of 1225 and 50.
25
Calculate the highest common divisor of 1410 and 12972.
282
What is the highest common factor of 15 and 1?
1
Calculate the highest common factor of 4887 and 27.
27
What is the highest common divisor of 1764 and 324?
36
What is the highest common factor of 404 and 101?
101
Calculate the highest common divisor of 24 and 72.
24
What is the highest common factor of 34 and 51?
17
Calculate the greatest common divisor of 950 and 190.
190
Calculate the highest common factor of 36822 and 204.
102
Calculate the highest common factor of 120 and 48.
24
What is the highest common factor of 372 and 12?
12
Calculate the greatest common factor of 57 and 9766.
19
What is the highest common factor of 147 and 105?
21
Calculate the greatest common factor of 9136 and 32.
16
What is the greatest common factor of 55 and 22?
11
Calculate the greatest common divisor of 88 and 13882.
22
Calculate the highest common factor of 110 and 5786.
22
Calculate the highest common divisor of 84 and 9.
3
Calculate the greatest common divisor of 95 and 76.
19
What is the highest common factor of 14 and 386?
2
Calculate the greatest common factor of 84 and 546.
42
What is the highest common factor of 11 and 297?
11
Calculate the highest common divisor of 1695 and 15.
15
What is the highest common divisor of 24 and 2532?
12
What is the greatest common factor of 120 and 384?
24
Calculate the greatest common factor of 14 and 574.
14
Calculate the highest common divisor of 26 and 6.
2
What is the greatest common divisor of 847 and 121?
121
What is the greatest common divisor of 801 and 178?
89
What is the greatest common factor of 16 and 824?
8
What is the highest common divisor of 203 and 14?
7
Calculate the highest common divisor of 7 and 224.
7
What is the highest common divisor of 7802 and 830?
166
What is the greatest common factor of 30 and 100?
10
Calculate the greatest common divisor of 624 and 546.
78
What is the greatest common factor of 2075 and 166?
83
Calculate the highest common factor of 10 and 50.
10
Calculate the highest common factor of 364 and 420.
28
What is the greatest common divisor of 195 and 35?
5
What is the greatest common factor of 5 and 605?
5
What is the greatest common factor of 100 and 5900?
100
Calculate the highest common factor of 220 and 990.
110
Calculate the highest common factor of 207 and 368.
23
Calculate the greatest common divisor of 14 and 7.
7
Calculate the greatest common factor of 36 and 112.
4
What is the greatest common divisor of 262 and 2?
2
What is the greatest common divisor of 855 and 45?
45
Calculate the greatest common divisor of 380 and 430.
10
Calculate the highest common factor of 57483 and 27.
27
Calculate the highest common factor of 108 and 20.
4
What is the greatest common divisor of 37 and 3737?
37
What is the highest common factor of 398 and 10?
2
What is the greatest common factor of 38148 and 132?
132
What is the highest common divisor of 102 and 12?
6
What is the highest common divisor of 1826 and 83?
83
What is the highest common factor of 7 and 28854?
7
Calculate the highest common divisor of 12 and 19452.
12
What is the highest common factor of 1365 and 715?
65
Calculate the greatest common factor of 39 and 624.
39
Calculate the highest common factor of 2 and 386.
2
What is the highest common divisor of 2556 and 60?
12
What is the highest common divisor of 391 and 68?
17
Calculate the greatest common divisor of 81 and 63.
9
What is the greatest common divisor of 368 and 16?
16
Calculate the highest common factor of 754 and 58.
58
Calculate the greatest common factor of 333 and 37.
37
Calculate the greatest common factor of 973 and 21.
7
What is the greatest common divisor of 85 and 20?
5
Calculate the greatest common divisor of 3896 and 16.
8
Calculate the greatest common divisor of 2192 and 16.
16
What is the highest common divisor of 676 and 468?
52
Calculate the greatest common factor of 69 and 598.
23
What is the highest common divisor of 494 and 1900?
38
Calculate the highest common factor of 10 and 46.
2
What is the highest common divisor of 50 and 7570?
10
Calculate the highest common factor of 1168 and 112.
16
Calculate the highest common divisor of 1134 and 1554.
42
Calculate the greatest common factor of 160 and 1984.
32
Calculate the greatest common divisor of 2590 and 98.
14
What is the greatest common factor of 4086 and 54?
18
Calculate the greatest common factor of 369 and 189.
9
Calculate the greatest common factor of 32 and 736.
32
What is the greatest common factor of 9184 and 56?
56
Calculate the greatest common divisor of 1275 and 465.
15
Calculate the highest common divisor of 20 and 8780.
20
Calculate the greatest common factor of 1005 and 3953.
67
Calculate the highest common divisor of 13 and 559.
13
What is the greatest common divisor of 7 and 73752?
7
Calculate the greatest common factor of 260 and 39.
13
Calculate the highest common divisor of 13 and 1.
1
Calculate the greatest common factor of 1274 and 52.
26
Calculate the highest common divisor of 352 and 44.
44
What is the greatest common factor of 42 and 112?
14
Calculate the highest common divisor of 1600 and 80.
80
Calculate the greatest common factor of 8 and 1688.
8
Calculate the highest common divisor of 29503 and 181.
181
Calculate the highest common divisor of 20148 and 69.
69
What is the highest common factor of 5 and 7?
1
Calculate the highest common factor of 8 and 116.
4
What is the highest common factor of 5018 and 13?
13
Calculate the greatest common divisor of 44 and 726.
22
What is the greatest common divis